hundreds digit of 1193847107?
1
What is the ten millions digit of 1233557182?
3
What is the thousands digit of 158472935?
2
What is the tens digit of 509103524?
2
What is the hundred millions digit of 329149815?
3
What is the millions digit of 2037871206?
7
What is the ten thousands digit of 73798724?
9
What is the tens digit of 39048867?
6
What is the ten millions digit of 1188724857?
8
What is the hundred millions digit of 930617539?
9
What is the units digit of 448104021?
1
What is the millions digit of 131500522?
1
What is the ten millions digit of 133400991?
3
What is the ten thousands digit of 71814607?
1
What is the millions digit of 687776298?
7
What is the hundred thousands digit of 20400052?
4
What is the units digit of 2421226229?
9
What is the millions digit of 237199406?
7
What is the tens digit of 92830982?
8
What is the millions digit of 47962786?
7
What is the billions digit of 1791099124?
1
What is the tens digit of 33724109?
0
What is the units digit of 154862530?
0
What is the hundred millions digit of 5039573497?
0
What is the ten thousands digit of 41355684?
5
What is the hundred thousands digit of 96991832?
9
What is the ten millions digit of 2493300273?
9
What is the ten millions digit of 4598476292?
9
What is the millions digit of 1753828627?
3
What is the ten thousands digit of 103903900?
0
What is the units digit of 3587814613?
3
What is the thousands digit of 66821803?
1
What is the units digit of 483842883?
3
What is the thousands digit of 7845587971?
7
What is the ten millions digit of 99837714?
9
What is the millions digit of 429004529?
9
What is the hundred thousands digit of 35464706?
4
What is the thousands digit of 378562324?
2
What is the ten millions digit of 35881499?
3
What is the millions digit of 304773249?
4
What is the hundred thousands digit of 39194181?
1
What is the millions digit of 2268187511?
8
What is the hundreds digit of 278612406?
4
What is the thousands digit of 2498145089?
5
What is the ten millions digit of 107815557?
0
What is the thousands digit of 63068701?
8
What is the millions digit of 743132991?
3
What is the tens digit of 226181824?
2
What is the ten thousands digit of 716569830?
6
What is the hundred millions digit of 253051225?
2
What is the millions digit of 48255136?
8
What is the ten thousands digit of 7098084223?
8
What is the ten millions digit of 194325687?
9
What is the ten millions digit of 331200973?
3
What is the millions digit of 924458374?
4
What is the millions digit of 130816810?
0
What is the hundreds digit of 185057223?
2
What is the units digit of 62608859?
9
What is the millions digit of 41321829?
1
What is the thousands digit of 990819839?
9
What is the ten thousands digit of 81588443?
8
What is the hundred thousands digit of 303184198?
1
What is the thousands digit of 513799743?
9
What is the hundred thousands digit of 34013665?
0
What is the ten millions digit of 555647492?
5
What is the hundred millions digit of 1298997634?
2
What is the thousands digit of 70730647?
0
What is the ten thousands digit of 3743346215?
4
What is the hundred millions digit of 1020989500?
0
What is the hundreds digit of 160544903?
9
What is the tens digit of 9236449845?
4
What is the ten thousands digit of 3079666320?
6
What is the hundred thousands digit of 211843944?
8
What is the billions digit of 6140275807?
6
What is the millions digit of 1697533039?
7
What is the hundreds digit of 2059818898?
8
What is the units digit of 16541942?
2
What is the ten millions digit of 328547505?
2
What is the ten thousands digit of 4829735?
2
What is the tens digit of 90612225?
2
What is the millions digit of 1418135087?
8
What is the ten thousands digit of 2814911044?
1
What is the units digit of 79323020?
0
What is the tens digit of 1096186265?
6
What is the tens digit of 191715769?
6
What is the hundred millions digit of 1595996958?
5
What is the thousands digit of 46965221?
5
What is the tens digit of 218692930?
3
What is the ten millions digit of 301655991?
0
What is the units digit of 1855672334?
4
What is the ten thousands digit of 9658574?
5
What is the hundreds digit of 168611379?
3
What is the hundreds digit of 6803832?
8
What is the hundred thousands digit of 83682536?
6
What is the hundreds digit of 408889175?
1
What is the hundred thousands digit of 29295602?
2
What is the tens digit of 3148478944?
4
What is the hundred millions digit of 2496832483?
4
What is the hundred thousands digit of 784587308?
5
What is the ten thousands digit of 1547717789?
1
What is the hundreds digit of 10434561?
5
What is the ten thousands digit of 289049372?
4
What is the millions digit of 399130478?
9
What is the hundred thousands digit of 359546002?
5
What is the thousands digit of 46190750?
0
What is the hundred thousands digit of 181272310?
2
What is the units digit of 76958544?
4
What is the ten thousands digit of 43403570?
0
What is the hundreds digit of 231452607?
6
What is the hundred thousands digit of 22918673?
9
What is the ten thousands digit of 72559627?
5
What is the ten thousands digit of 35951485?
5
What is the hundreds digit of 2966029033?
0
What is the ten thousands digit of 1216347502?
4
What is the hundreds digit of 1260406544?
5
What is the ten thousands digit of 103828830?
2
What is the tens digit of 291659669?
6
What is the ten millions digit of 1239165572?
3
What is the hundreds digit of 616467055?
0
What is the hundred thousands digit of 170122055?
1
What is the thousands digit of 1340563230?
3
What is the ten thousands digit of 193651857?
5
What is the hundred thousands digit of 130302249?
3
What is the millions digit of 493426253?
3
What is the tens digit of 42903397?
9
What is the ten millions digit of 8053398402?
5
What is the millions digit of 1868471206?
8
What is the thousands digit of 9411060874?
0
What is the ten thousands digit of 87369858?
6
What is the ten thousands digit of 554117446?
1
What is the hundred thousands digit of 742591528?
5
What is the hundreds digit of 1049538015?
0
What is the ten thousands digit of 62512518?
1
What is the units digit of 11628259?
9
What is the hundred millions digit of 5947956006?
9
What is the hundred millions digit of 367628675?
3
What is the hundreds digit of 997422774?
7
What is the ten thousands digit of 1127892756?
9
What is the millions digit of 331188210?
1
What is the hundred thousands digit of 4513173114?
1
What is the thousands digit of 2290033971?
3
What is the ten thousands digit of 2391838065?
3
What is the millions digit of 63589311?
3
What is the ten thousands digit of 427142046?
4
What is the millions digit of 68657347?
8
What is the ten millions digit of 13298996?
1
What is the hundred thousands digit of 9491959?
4
What is the units digit of 3641551224?
4
What is the ten thousands digit of 85640659?
4
What is the units digit of 165722793?
3
What is the hundreds digit of 96469727?
7
What is the hundreds digit of 368652569?
5
What is the tens digit of 128525280?
8
What is the hundred thousands digit of 5117045554?
0
What is the units digit of 190651578?
8
What is the hundred thousands digit of 1063941788?
9
What is the hundred millions digit of 158432667?
1
What is the hundred thousands digit of 102640184?
6
What is the millions digit of 46345177?
6
What is the units digit of 847399374?
4
What is the hundreds digit of 1096256619?
6
What is the ten thousands digit of 437569908?
6
What is the thousands digit of 211727306?
7
What is the ten millions digit of 153547582?
5
What is the hundred thousands digit of 165518403?
5
What is the ten thousands digit of 1114546339?
4
What is the hundreds digit of 751894007?
0
What is the ten millions digit of 1122900261?
2
What is the units digit of 128016150?
0
What is the thousands digit of 250432633?
2
What is the units digit of 58936806?
6
What is the thousands digit of 1413724?
3
What is the hundred thousands digit of 670643352?
6
What is the hundred millions digit of 574856348?
5
What is the units digit of 3956689?
9
What is the hundreds digit of 41551954?
9
What is the thousands digit of 359688357?
8
What is the ten thousands digit of 4413428263?
2
What is the tens digit of 3957883224?
2
What is the ten thousands digit of 103449309?
4
What is the hundred thousands digit o